{"id":572,"date":"2026-03-12T13:27:09","date_gmt":"2026-03-12T13:27:09","guid":{"rendered":"http:\/\/www.biochannel.sk\/?page_id=572"},"modified":"2026-03-18T22:02:18","modified_gmt":"2026-03-18T22:02:18","slug":"enterwifi_ota_iup_v06","status":"publish","type":"page","link":"http:\/\/www.biochannel.sk\/?page_id=572","title":{"rendered":"enterWIFI_OTA_iUP_v06"},"content":{"rendered":"\n<h1 class=\"wp-block-heading has-luminous-vivid-amber-color has-text-color has-link-color wp-elements-98590db0f16071501946b50c97432d46\">enterWIFI_OTA_iUP_v06<\/h1>\n\n\n\n<p class=\"has-cyan-bluish-gray-color has-text-color has-link-color wp-elements-578eb1f327a6db20ac1f1dabd3a3ca39\"><em>n\u00e1vod k zariadeniu<\/em><\/p>\n\n\n\n<p>je projekt <strong>enterWIFI<\/strong> doplnen\u00fd o funkciu <strong>OTA<\/strong> a <strong>iUP<\/strong><\/p>\n\n\n\n<p><strong>enterWIFI <\/strong>&#8211; prostredn\u00edctvom tejto \u010dasti k\u00f3du sa ESP8266 prip\u00e1ja k WiFi sieti<\/p>\n\n\n\n<p><strong>OTA<\/strong> &#8211; <em><mark style=\"background-color:rgba(0, 0, 0, 0)\" class=\"has-inline-color has-cyan-bluish-gray-color\">(OverTheAir)<\/mark><\/em> umo\u017e\u0148uje aktualiz\u00e1ciu k\u00f3du na ESP8266 bezdr\u00f4tovo v lok\u00e1lnej WiFi sieti <em><mark style=\"background-color:rgba(0, 0, 0, 0)\" class=\"has-inline-color has-cyan-bluish-gray-color\">(PC aj ESP musia byt na spolo\u010dnej WiFi)<\/mark><\/em><\/p>\n\n\n\n<p><strong>iUP <\/strong>&#8211; <em><mark style=\"background-color:rgba(0, 0, 0, 0)\" class=\"has-inline-color has-cyan-bluish-gray-color\">(internetUPDATE)<\/mark><\/em> zabezpe\u010duje mo\u017enos\u0165 aktualiz\u00e1cie k\u00f3du na ESP8266 cez internet na dia\u013eku pokia\u013e je ESP pripojen\u00e9 k WiFi sieti <em><mark style=\"background-color:rgba(0, 0, 0, 0)\" class=\"has-inline-color has-cyan-bluish-gray-color\">(PC a ESP nemusia byt na spolo\u010dnej WiFi)<\/mark><\/em><\/p>\n\n\n\n<p><em>Pri prvom zapnut\u00ed je doska ESP8266 prepnut\u00e1 v <strong>AP re\u017eime<\/strong> nako\u013eko nem\u00e1 v <strong>pam\u00e4ti EEPROM<\/strong> ulo\u017een\u00e9 \u017eiadne SSID ani PASS \u010do indikuje svietiaca <mark style=\"background-color:rgba(0, 0, 0, 0)\" class=\"has-inline-color has-vivid-cyan-blue-color\">LED_BUILTIN<\/mark>.<\/em><\/p>\n\n\n\n<p class=\"has-luminous-vivid-amber-color has-text-color has-link-color has-medium-font-size wp-elements-98f2475811bc49b94a31edd170ed5a4b\">Postup pripojenia zariadenia k vybranej WiFi sieti:<\/p>\n\n\n\n<ol class=\"wp-block-list\">\n<li>zapneme zariadenie, pokia\u013e <mark style=\"background-color:rgba(0, 0, 0, 0)\" class=\"has-inline-color has-vivid-cyan-blue-color\">LED_BUILTIN<\/mark> r\u00fdchlo zablik\u00e1 a ostane svietit, znamen\u00e1 to, \u017ee zariadenie je v AP re\u017eime &#8211; \u010do je OK a m\u00f4\u017eeme pokra\u010dova\u0165.<\/li>\n\n\n\n<li>na mobile\/notebooku vyh\u013ead\u00e1me WiFi s n\u00e1zvom <strong>ESP_Config<\/strong> a pripoj\u00edme sa.<\/li>\n\n\n\n<li>prejdeme do prehliada\u010da a zad\u00e1me IP adresu: <strong>192.168.4.1<\/strong> <em><mark style=\"background-color:rgba(0, 0, 0, 0)\" class=\"has-inline-color has-cyan-bluish-gray-color\">(\u010d\u00edm sa pripoj\u00edme na WebServer, ktor\u00fd be\u017e\u00ed na na\u0161om zariaden\u00ed)<\/mark><\/em> &#8211; zobraz\u00ed sa n\u00e1m prihlasovac\u00ed formul\u00e1r pre zadanie prihlasovac\u00edch \u00fadajov.<\/li>\n\n\n\n<li>zad\u00e1me n\u00e1zov a heslo WiFi siete, ku ktorej sa chceme pripoji\u0165 a potvrd\u00edme tla\u010didlom <strong>CONNECT<\/strong> <mark style=\"background-color:rgba(0, 0, 0, 0)\" class=\"has-inline-color has-cyan-bluish-gray-color\"><em>(tla\u010didlo je neakt\u00edvne k\u00fdm SSID neobsahuje aspo\u0148 1 znak)<\/em>.<\/mark><\/li>\n\n\n\n<li>zobraz\u00ed sa \u010fal\u0161ia str\u00e1nka s textom: <strong>Re\u0161tartujem ESP\u2026prip\u00e1jam sa k Wi-Fi<\/strong>, ESP sa pok\u00fasi pripoji\u0165 k zadanej WiFi po dobu 15s &#8211; <mark style=\"background-color:rgba(0, 0, 0, 0)\" class=\"has-inline-color has-vivid-cyan-blue-color\">LED_BUILTIN<\/mark> blik\u00e1.<ul><li>ak sa \u00faspe\u0161ne pripoj\u00ed <mark style=\"background-color:rgba(0, 0, 0, 0)\" class=\"has-inline-color has-vivid-cyan-blue-color\">LED_BUILTIN<\/mark> zasvieti na 2s a zhasne &#8211; potom u\u017e len ka\u017ed\u00fdch 10s urob\u00ed r\u00fdchly dvojblik \u010do zna\u010d\u00ed, \u017ee je zariadenie online.ak sa nepripoj\u00ed do 15s <mark style=\"background-color:rgba(0, 0, 0, 0)\" class=\"has-inline-color has-vivid-cyan-blue-color\">LED_BUILTIN<\/mark> r\u00fdchlo zablik\u00e1 a zostane svieti\u0165 \u010do znamen\u00e1, \u017ee sa ESP preplo do <strong>AP re\u017eimu<\/strong> &#8211; <em><mark style=\"background-color:rgba(0, 0, 0, 0)\" class=\"has-inline-color has-cyan-bluish-gray-color\">(zrejme boli zadan\u00e9 nespr\u00e1vne \u00fadaje alebo je nedostupn\u00e1 WiFi\u2026) <\/mark><\/em>z\u00e1rove\u0148 sa sna\u017e\u00ed ka\u017ed\u00fa min\u00fatu op\u00e4tovne prip\u00e1ja\u0165 k WiFi pre pr\u00edpad, \u017ee by to bol len do\u010dasn\u00fd v\u00fdpadok internetu a zadan\u00e9 \u00fadaje boli spr\u00e1vne.<\/li><\/ul><\/li>\n<\/ol>\n\n\n\n<p class=\"has-luminous-vivid-amber-color has-text-color has-link-color has-medium-font-size wp-elements-adb75d6d2a674b65044dbc6370cdb494\">Funk\u010dnos\u0165 zariadenia po pripojen\u00ed sa k WiFi sieti:<\/p>\n\n\n\n<p style=\"text-align: justify;\">Pokia\u013e u\u017e bolo zariadenie pripojen\u00e9 k nejakej WiFi sieti ulo\u017e\u00ed si do <strong>EEPROM pam\u00e4ti<\/strong> prihlasovacie \u00fadaje a op\u00e4tovnom zapnut\u00ed v\u017edy najsk\u00f4r pok\u00fa\u0161a pripoji\u0165 k tejto WiFi sieti, ktor\u00fa m\u00e1 ako posledn\u00fa ulo\u017een\u00fa v pam\u00e4ti <i><span style=\"color:#abb8c3;\">(pokia\u013e neboli nastavenia resetovan\u00e9 tla\u010d\u00edtkom BUTTON_PIN na GPIO_0)<\/span><\/i>. Ak sa do 15s nepripoj\u00ed, zariadenie automaticky prejde do AP re\u017eimu <i><span style=\"color:#abb8c3;\">(LED_BUILTIN r\u00fdchlo zablik\u00e1 a ostane svieti\u0165)<\/span><\/i> a je potrebn\u00e9 sa k sieti pripoji\u0165 zadan\u00edm prihlasovac\u00edch \u00fadajov <i><span style=\"color:#abb8c3;\">(SSID, PASS)<\/span><\/i> sp\u00f4sobom pop\u00edsan\u00fdm hore. V pr\u00edpade, \u017ee boli prihlasovacie \u00fadaje vymazan\u00e9 z pam\u00e4ti resetovac\u00edm tla\u010d\u00edtkom po zapnut\u00ed sa zariadenie automaticky prepne do <strong>AP re\u017eimu.<\/strong><\/p>\n\n\n\n<p style=\"text-align: justify;\">Pokia\u013e je zariadenie pripojen\u00e9 k WiFi a n\u00e1hodou nastane v\u00fdpadok elektriky, zariadenie po obnoven\u00ed dod\u00e1vky znova nabehne do cca 5s, av\u0161ak ant\u00e9na a router potrebuj\u00fa dlh\u0161\u00ed \u010das na obnovenie internetov\u00e9ho spojenia a spravidla to trv\u00e1 dlh\u0161ie ne\u017e 15s, po\u010das ktor\u00fdch sa zariadenie pok\u00fa\u0161a pripoji\u0165 k WiFi. V takom pr\u00edpade po ne\u00faspe\u0161nom pripojen\u00ed k WiFi zariadenie \u0161tandardne prejde do <strong>AP re\u017eimu<\/strong>, no i v tomto re\u017eime sa pok\u00fa\u0161a opakovane pripoji\u0165 k WiFi, ku ktorej bolo pripojen\u00e9 v pravideln\u00fdch 60s intervaloch.<\/p>\n\n\n\n<p style=\"text-align: justify;\">Zariadenie je osaden\u00e9 \u010dipom <strong>ESP8266<\/strong>, na ktorom je nahrat\u00fd zdrojov\u00fd k\u00f3d <i><span style=\"color:#abb8c3;\">(program)<\/span><\/i>. Ten je mo\u017en\u00e9 v\u010faka funkcii <strong>OTA<\/strong> aktualizova\u0165 bezdr\u00f4tovo cez lok\u00e1lnu sie\u0165 prostredn\u00edctvom PC, ktor\u00fd mus\u00ed by\u0165 pripojen\u00fd na rovnak\u00fa WiFi ako na\u0161e zariadenie. Tu je postup:<\/p>\n\n\n\n<ol class=\"wp-block-list\">\n<li>otvor\u00edme si v Arduino IDE k\u00f3d, ktor\u00fd chceme nahra\u0165 do zariadenia.<\/li>\n\n\n\n<li>zvol\u00edme N\u00e1stroje > Port > <em><mark style=\"background-color:rgba(0, 0, 0, 0)\" class=\"has-inline-color has-cyan-bluish-gray-color\">(Sie\u0165ov\u00fd port)<\/mark><\/em> enterWIFI_OTA_iUP a nahr\u00e1me k\u00f3d!\n<ul class=\"wp-block-list\">\n<li><em>pokia\u013e nevid\u00edme <mark style=\"background-color:rgba(0, 0, 0, 0)\" class=\"has-inline-color has-cyan-bluish-gray-color\">(Sie\u0165ov\u00fd port)<\/mark> je potrebn\u00e9 do PC nain\u0161talova\u0165 software od Apple s n\u00e1zvom &#8222;Apple Bonjour&#8220; <mark style=\"background-color:rgba(0, 0, 0, 0)\" class=\"has-inline-color has-cyan-bluish-gray-color\">(mDNS slu\u017eba pre Windows)<\/mark> &#8211; treba to stiahnu\u0165, nain\u0161talova\u0165 a re\u0161tartova\u0165 PC. Potom by u\u017e mal by\u0165 port vidite\u013en\u00fd v Arduino IDE.<\/em><\/li>\n<\/ul>\n<\/li>\n\n\n\n<li>po nahrat\u00ed sa ESP re\u0161tartuje a nov\u00fd k\u00f3d by mal za\u010da\u0165 fungova\u0165. <\/li>\n<\/ol>\n\n\n\n<p style=\"text-align: justify;\" class=\"has-vivid-red-color has-text-color has-link-color\">\n<em>Pozor! Pokia\u013e nahr\u00e1me in\u00fd k\u00f3d, ktor\u00fd neobsahuje funkciu OTA, znemo\u017en\u00edme si pou\u017eitie tejto funkcie. Preto by mala OTA sl\u00fa\u017ei\u0165 sk\u00f4r len na aktualiz\u00e1ciu p\u00f4vodn\u00e9ho firmv\u00e9ru. Cez OTA port nie je dostupn\u00fd S\u00e9riov\u00fd monitor.<\/em>\n<\/p>\n\n\n\n<p style=\"text-align: justify;\">Na zmenu firmware tu m\u00e1me e\u0161te jednu funkciu iUP <i><span style=\"color:#abb8c3;\">(internetUPDATE)<\/span><\/i>, prostredn\u00edctvom ktorej to vieme urobi\u0165 taktie\u017e bezdr\u00f4tovo av\u0161ak na dia\u013eku cez internet, nemus\u00edme by\u0165 teda v jednej sieti, sta\u010d\u00ed, \u017ee bude zariadenie pripojen\u00e9 k WiFi a n\u00e1\u0161 PC k\u013eudne aj na druhom konci sveta. T\u00e1to aktualiz\u00e1cia &#8222;firmware&#8220; je tro\u0161ku zlo\u017eitej\u0161ia:<\/p>\n\n\n\n<ol class=\"wp-block-list\">\n<li>otvor\u00edme si v Arduino IDE s\u00fabor .ino, ktor\u00fd chceme nahra\u0165 do zariadenia.<\/li>\n\n\n\n<li>pokia\u013e ide o na\u0161e zariadenie &#8222;enterWIFI_OTA_iUP&#8220; a jeho upraven\u00fa verziu, je potrebn\u00e9 zisti\u0165 ak\u00e1 je aktu\u00e1lna verzia &#8222;firmware&#8220;. To zistime bu\u010f na serveri a to otvoren\u00edm s\u00faboru &#8222;<em>version.txt<\/em>&#8220; kde je \u010d\u00edslo verzie zap\u00edsan\u00e9 alebo sa pozrieme do <a href=\"http:\/\/www.biochannel.sk\/OTA\/index.php\" data-type=\"link\" data-id=\"www.biochannel.sk\/OTA\/index.php\"><mark style=\"background-color:rgba(0, 0, 0, 0)\" class=\"has-inline-color has-luminous-vivid-orange-color\">WebAplik\u00e1cie<\/mark><\/a> <em><mark style=\"background-color:rgba(0, 0, 0, 0)\" class=\"has-inline-color has-cyan-bluish-gray-color\">(klikni pre n\u00e1h\u013ead)<\/mark><\/em>, kde je aktu\u00e1lna verzia uveden\u00e1 pod tla\u010d\u00edtkom &#8222;RESTART&#8220; <br><em>Server FW verzia: v01<br>ESP FW verzia: v01<\/em><\/li>\n\n\n\n<li>ke\u010f vid\u00edme ak\u00e1 je aktu\u00e1lna verzia FW je potrebn\u00e9 urobi\u0165 2 \u00fapravy.\n<ul class=\"wp-block-list\">\n<li>\u010d.1 v k\u00f3de &#8222;enterWIFI_OTA_iUP.ino&#8220; a to zadefinovat novu verziu napr. v02 <em><mark style=\"background-color:rgba(0, 0, 0, 0)\" class=\"has-inline-color has-cyan-bluish-gray-color\">(na za\u010diatku k\u00f3du zme\u0148: #define FW_VERSION &#8222;v01&#8220; na &#8222;v02&#8220;)<\/mark>. <\/em><br><em>v pripade, \u017ee chceme nahra\u0165 do zariadenia ak\u00fdko\u013evek in\u00fd s\u00fabor .ino ako je ten n\u00e1\u0161 &#8222;enterWIFI_OTA_iUP.ino&#8220;, tak sa n\u00e1s t\u00e1to \u00faprava \u010d.1 net\u00fdka<\/em><\/li>\n\n\n\n<li>\u010d.2 v s\u00fabore &#8222;version.txt&#8220;<em> <mark style=\"background-color:rgba(0, 0, 0, 0)\" class=\"has-inline-color has-cyan-bluish-gray-color\">(je nahrat\u00fd na serveri v pire\u010dinku &#8222;OTA&#8220; spolu s  \u010fal\u0161\u00edmi s\u00fabormi s\u00favisiacimi s projektom)<\/mark><\/em>, kde je potrebn\u00e9 ho editova\u0165, zmeni\u0165 s\u00fa\u010dasn\u00fa verziu &#8222;v01&#8220; na verziu &#8222;v02&#8220; a ulo\u017ei\u0165. T\u00e1to \u00faprava sa mus\u00ed vykona\u0165 pri nahr\u00e1van\u00ed ak\u00e9hoko\u013evek k\u00f3du. <em><mark style=\"background-color:rgba(0, 0, 0, 0)\" class=\"has-inline-color has-cyan-bluish-gray-color\">(Je potrebn\u00e9 doda\u0165, \u017ee pokia\u013e sa nahr\u00e1 k\u00f3d bez &#8222;OTA funkcie&#8220; nebude u\u017e mo\u017en\u00e9 zariadenie updatova\u0165 bezdr\u00f4tovo &#8211; jedine fyzicky cez USB k\u00e1bel!)<\/mark><\/em><\/li>\n<\/ul>\n<\/li>\n\n\n\n<li>ke\u010f m\u00e1me tieto \u00fapravy za sebou, nov\u00fd pr\u00edpadne upraven\u00fd s\u00fabor .ino mus\u00edme previes\u0165 prostredn\u00edctvom Arduino IDE do bin\u00e1rneho tvaru. Najsk\u00f4r vyberieme spr\u00e1vnu dosku, pre ktor\u00fa s\u00fabor chceme kompilova\u0165 <em><mark style=\"background-color:rgba(0, 0, 0, 0)\" class=\"has-inline-color has-cyan-bluish-gray-color\">(napr. WeMOS D1 mini)<\/mark><\/em> a potom zvol\u00edme: <br>Projekt > Export kompilovan\u00e9ho Bin\u00e1rneho tvaru<br>IDE za\u010dne s\u00fabor kompilova\u0165 a ulo\u017e\u00ed ho rovno do adres\u00e1ra k s\u00faboru .ino, ktor\u00fd m\u00e1me otvoren\u00fd, pod n\u00e1zvom napr: &#8222;enterWIFI_OTA_iUP.ino.d1_mini.bin&#8220;<br>tento s\u00fabor .bin je v podstate nov\u00fd &#8222;firmware&#8220; ktor\u00fd nahr\u00e1me do n\u00e1\u0161ho zariadnenia.<\/li>\n\n\n\n<li>v \u010fal\u0161om kroku je potrebn\u00e9 tento n\u00e1\u0161 s\u00fabor premenova\u0165 z p\u00f4vodn\u00e9ho n\u00e1zvu &#8222;<em>enterWIFI_OTA_iUP.ino.d1_mini.bin<\/em>&#8220; na &#8222;<em>firmware.bin<\/em>&#8220; a prekop\u00edrujeme ho na server, do u\u017e zmie\u0148ovan\u00e9ho prie\u010dinku s n\u00e1zvom &#8222;OTA&#8220;. Ke\u010f\u017ee s\u00fabor s tak\u00fdmto n\u00e1zvom tam u\u017e je, d\u00e1me ho prep\u00edsa\u0165.<\/li>\n\n\n\n<li>ke\u010f to m\u00e1me, zariadenie treba re\u0161tartova\u0165 <em><mark style=\"background-color:rgba(0, 0, 0, 0)\" class=\"has-inline-color has-cyan-bluish-gray-color\">(POZOR! nie reset WiFi nastaveni)<\/mark><\/em> re\u0161tartova\u0165 ho m\u00f4\u017eeme bu\u010f fyzicky alebo na dia\u013eku cez internet. Sta\u010d\u00ed ke\u010f prejdeme do <a href=\"http:\/\/www.biochannel\/OTA\/index.php\" data-type=\"link\" data-id=\"www.biochannel\/OTA\/index.php\"><mark style=\"background-color:rgba(0, 0, 0, 0)\" class=\"has-inline-color has-luminous-vivid-orange-color\">WebAplik\u00e1cie<\/mark><\/a> kde kliknut\u00edm na zelen\u00e9 tla\u010d\u00edtko &#8222;RESTART&#8220;, zariadenie re\u0161tartujeme, \u010d\u00edm sa spust\u00ed &#8222;UPDATE FW&#8220; <em><mark style=\"background-color:rgba(0, 0, 0, 0)\" class=\"has-inline-color has-cyan-bluish-gray-color\">(pre k\u00f3d in\u00fd ako je n\u00e1\u0161 &#8222;enterWIFI_OTA_iUP&#8220; tu n\u00e1vod kon\u010d\u00ed)<\/mark><\/em><\/li>\n\n\n\n<li>v pr\u00edpade n\u00e1\u0161ho projektu &#8222;enterWIFI_OTA_iUP&#8220; si po re\u0161tarte zariadenie kontroluje svoju verziu &#8222;firmware&#8220; s verziou na serveri. My sme zadefinovali do nov\u00e9ho &#8222;firmware&#8220; ako aj do s\u00faboru &#8222;<em>version.txt<\/em>&#8220; verziu &#8222;v02&#8220; co znamen\u00e1, \u017ee WebAplik\u00e1cia vyp\u00ed\u0161e toto:<br><em>Server FW verzia: v02 <mark style=\"background-color:rgba(0, 0, 0, 0)\" class=\"has-inline-color has-cyan-bluish-gray-color\">(vy\u010d\u00edta zo s\u00faboru &#8222;version.txt&#8220;)<\/mark><br>ESP FW verzia: v01 <mark style=\"background-color:rgba(0, 0, 0, 0)\" class=\"has-inline-color has-cyan-bluish-gray-color\">(vy\u010d\u00edta z aktu\u00e1lnej verzie k\u00f3du z ESP)<\/mark><\/em><br><em>OTA Stav: Dostupn\u00fd nov\u00fd FW &#8211; Re\u0161tartuj pre update! <mark style=\"background-color:rgba(0, 0, 0, 0)\" class=\"has-inline-color has-cyan-bluish-gray-color\">(ke\u010f\u017ee verzie s\u00fa rozdielne je dostupn\u00fd nov\u00fd FW)<\/mark><\/em><br>V tomto stave sa po kliknut\u00ed na tla\u010d\u00edtko &#8222;RESTART&#8220; spust\u00ed proces updatovania, nahr\u00e1 si nov\u00fd firmware a op\u00e4\u0165 sa re\u0161tartuje. Teraz u\u017e bud\u00fa obe verzie zhodn\u00e9 a vo WebAplik\u00e1cii sa zmen\u00ed <em>OTA Stav: Firmware je aktu\u00e1lny <\/em>a zariadenie za\u010dne pracova\u0165.<\/li>\n<\/ol>\n","protected":false},"excerpt":{"rendered":"<p>enterWIFI_OTA_iUP_v06 n\u00e1vod k zariadeniu je projekt enterWIFI doplnen\u00fd o funkciu OTA a iUP enterWIFI &#8211; prostredn\u00edctvom tejto \u010dasti k\u00f3du sa ESP8266 prip\u00e1ja k WiFi sieti OTA &#8211; (OverTheAir) umo\u017e\u0148uje aktualiz\u00e1ciu k\u00f3du na ESP8266 bezdr\u00f4tovo v lok\u00e1lnej WiFi sieti (PC aj ESP musia byt na spolo\u010dnej WiFi) iUP &#8211; (internetUPDATE) zabezpe\u010duje mo\u017enos\u0165 aktualiz\u00e1cie k\u00f3du na ESP8266 &hellip; <\/p>\n<p class=\"link-more\"><a href=\"http:\/\/www.biochannel.sk\/?page_id=572\" class=\"more-link\">Pokra\u010dova\u0165 v \u010d\u00edtan\u00ed<span class=\"screen-reader-text\"> &#8222;enterWIFI_OTA_iUP_v06&#8220;<\/span><\/a><\/p>\n","protected":false},"author":1,"featured_media":0,"parent":0,"menu_order":0,"comment_status":"closed","ping_status":"closed","template":"","meta":{"footnotes":""},"class_list":["post-572","page","type-page","status-publish","hentry"],"_links":{"self":[{"href":"http:\/\/www.biochannel.sk\/index.php?rest_route=\/wp\/v2\/pages\/572","targetHints":{"allow":["GET"]}}],"collection":[{"href":"http:\/\/www.biochannel.sk\/index.php?rest_route=\/wp\/v2\/pages"}],"about":[{"href":"http:\/\/www.biochannel.sk\/index.php?rest_route=\/wp\/v2\/types\/page"}],"author":[{"embeddable":true,"href":"http:\/\/www.biochannel.sk\/index.php?rest_route=\/wp\/v2\/users\/1"}],"replies":[{"embeddable":true,"href":"http:\/\/www.biochannel.sk\/index.php?rest_route=%2Fwp%2Fv2%2Fcomments&post=572"}],"version-history":[{"count":42,"href":"http:\/\/www.biochannel.sk\/index.php?rest_route=\/wp\/v2\/pages\/572\/revisions"}],"predecessor-version":[{"id":637,"href":"http:\/\/www.biochannel.sk\/index.php?rest_route=\/wp\/v2\/pages\/572\/revisions\/637"}],"wp:attachment":[{"href":"http:\/\/www.biochannel.sk\/index.php?rest_route=%2Fwp%2Fv2%2Fmedia&parent=572"}],"curies":[{"name":"wp","href":"https:\/\/api.w.org\/{rel}","templated":true}]}}